of b?
1
Let j be 1304/5*60/(-8). Let b = -1320 - j. What is the hundreds digit of b?
6
Suppose -281 = -36*r + 259. What is the hundreds digit of (-3)/3 + 20010/r?
3
Suppose 0 = 3*t - 0*c + 3*c + 501, -841 = 5*t + 3*c. Let y = 646 - t. Suppose -4*g + y = 2*g. What is the hundreds digit of g?
1
Suppose 0 = -3*w - 4*y + 281844, 3*y = 2*w + 21862 - 209792. What is the thousands digit of w?
3
Let a(u) = -28*u**2 + 5*u + 53. Let j be a(-5). What is the hundreds digit of (140 - -1)/((-252)/j)?
3
Let a = -6001 - -15277. What is the hundreds digit of a?
2
Let j(f) = 3*f - 1. Let c be j(2). Suppose -y = 4*g - 2*y - 30, -4*g = -c*y - 22. Let m = 16 - g. What is the units digit of m?
8
Suppose x = -4*k + 102891 - 12228, 4*k + 4*x - 90660 = 0. What is the thousands digit of k?
2
What is the tens digit of 77/(-33) - 67592/(-6)?
6
Let g(w) = -234*w**2 + 4*w + 2. Let c be g(-1). Let l = c - -327. What is the units digit of l?
1
Suppose 4*d - 696 + 288 = 0. What is the hundreds digit of d/(-3*6/(-90))?
5
Let o = -290 + 290. What is the tens digit of (369 + -22)/(o + 1)?
4
Suppose 6 = -6*o - 12. Let r = o + -1. Let l = r - -43. What is the units digit of l?
9
Suppose 5*m - 64028 + 9635 = 4*b, 2 = -b. What is the hundreds digit of m?
8
Suppose 4*r - 2*c + 7*c + 1249 = 0, 2*r + 2*c + 624 = 0. Let i = r - -521. What is the tens digit of i?
1
Suppose a - 194370 = -37*a. Suppose 0 = 5*j - 2*k - a, 10*k + 1023 = j + 15*k. What is the hundreds digit of j?
0
Let z(q) = q**3 - 20*q**2 - 44*q - 25. Let x be z(22). Let k = x - 1. What is the hundreds digit of 2/(-4) - 5941/k?
2
Let o be 1 + 20136/10 + 68/170. Suppose -b + 2*d + 389 = 0, -b + 6*b + 4*d = o. What is the units digit of b?
9
Let z(f) = -f**3 + 4*f**2 - 14*f + 3586. What is the units digit of z(0)?
6
Let r = -160 - -88. Let p = r + 74. Suppose -5*o = 0, p*o - o = -4*b + 664. What is the tens digit of b?
6
Suppose 3 = h - 13*m + 18*m, -5*m = 5*h - 75. Suppose h*g - 4*w + 1045 = 21*g, -4*w = 4*g - 1396. What is the hundreds digit of g?
3
Let o be 12/(4 + -7) - 2266*-2. Suppose -6*i = -3362 - o. What is the hundreds digit of i?
3
Let q = 3202 - 1976. What is the units digit of q?
6
Let h = -71 - -94. Suppose h*y - 12 = 19*y. Suppose 2*i = -5*x + 265, y*x + 106 = 5*x + 2*i. What is the units digit of x?
3
Suppose 0 = -4*q + 2*j + 88, -3*j - 27 = 3*q - 75. What is the units digit of (q/(-8) - 5)*(-84)/10?
3
Let s = 584 - 254. Let f = s - -1063. What is the hundreds digit of f?
3
Let t(p) = -26*p - 109. Let o be t(-5). What is the tens digit of (-3)/o - (-2 + 4908/(-7))?
0
Let i(c) = 24*c**2 - 94*c + 68. What is the thousands digit of i(23)?
0
Suppose -5*u + 2301 + 4451 = -4*o, 0 = -4*u + 4*o + 5404. Suppose -5*z = -0*b + 4*b - u, -4*b + 544 = 2*z. What is the units digit of z?
8
Suppose 147*z - 224185 = -335335 + 1238787. What is the hundreds digit of z?
6
Let m(n) = n**3 + 13*n**2 + 19*n + 6. Let x = 12 - 22. What is the hundreds digit of m(x)?
1
Let j(z) = -32*z + 2810. What is the tens digit of j(5)?
5
Suppose 0*q + 5*q - 144313 = -12*q. What is the thousands digit of q?
8
Suppose 0 = 3*j - j + 1250. Let p be ((-2)/5)/(5/j). Let o = 160 - p. What is the tens digit of o?
1
Suppose 0 = -162*q + 199*q - 194102. What is the hundreds digit of q?
2
Let j = 31191 + -21678. What is the tens digit of (12/(-18))/((-6)/j)?
5
Let y = 1247 - 719. Let v = -496 + y. What is the units digit of v?
2
Suppose -39*g - 59616 = -21*g. Let x = 5146 + g. What is the units digit of x?
4
Suppose -3*s + 4*s - 58 = -2*v, -3*v + 4*s = -98. Let t = v - 25. What is the tens digit of (-361 - t)/(-2) - 4?
7
Let j(k) = k**2 + 3*k - 6. Let b be ((-27)/12)/((-3)/8). Let s be j(b). Let g = s + -28. What is the tens digit of g?
2
Suppose -3*n = -d + 1576, -4*d - 5*n + 5355 + 898 = 0. What is the hundreds digit of d?
5
Let o = -6461 + 8836. What is the thousands digit of o?
2
Let k = 164 - 146. Let b = 99 - k. What is the units digit of b?
1
Let g(k) = 36*k**2 + 36*k - 523. What is the tens digit of g(18)?
8
Suppose -5*u - b + 5*b = -113754, -2*u + 45495 = 5*b. Suppose 25*o + u = 60*o. What is the hundreds digit of o?
6
Suppose 0 = -6*b + 192 + 186. Let t be ((-12)/(-21))/((-3)/b*-6). Suppose t*g - 5*p = 93, g + 1 = -5*p + 10. What is the units digit of g?
4
Let r(d) be the third derivative of 11*d**6/720 + 7*d**5/120 - 5*d**4/12 - d**2. Let i(y) be the second derivative of r(y). What is the tens digit of i(5)?
6
Suppose -61*j + 1090244 - 247360 = -464468. What is the ten thousands digit of j?
2
Let w be ((-2114)/2 + -9)/(2 - 0). Let u = w - -1133. What is the units digit of u?
0
What is the hundreds digit of 24088*8/48 + (-12)/(-9)?
0
Let b be 5400/(-525)*182/(-4). Suppose 4*h - 1404 = 3*g, h + g - b = -110. What is the tens digit of h?
5
Let h(q) = 296*q + 2219. What is the units digit of h(43)?
7
Suppose 0 = 4*q - 0*c + 3*c - 176, 4*q = -c + 176. Let t = 54 - q. Suppose 8*a - t*a = -208. What is the tens digit of a?
0
Suppose 21317 = 9*r - 6448. What is the tens digit of r?
8
Let w(q) = 103*q**2 - 74*q + 30. What is the hundreds digit of w(-10)?
0
Suppose t + 12 = -5*m - 0*m, t - 9 = 2*m. Let d(v) = -32*v - 5. Let b(x) = 31*x + 4. Let w(l) = -6*b(l) - 4*d(l). What is the tens digit of w(m)?
7
Let b(f) = 4*f**3 - 66*f**2 + 98*f - 228. What is the units digit of b(27)?
6
Let y(k) be the third derivative of k**5/60 - k**4/8 - k**3/6 - 2*k**2. Let u be y(3). What is the tens digit of (29 + u)*4/8?
1
Let s be 2/((3/(-65))/((-9)/(-6))). Let v = s + 70. Suppose 12 = -k + v*n, -n = -k + n. What is the units digit of k?
8
Suppose -z + 0*z + 11 = 4*d, 3*d = -3*z + 6. Suppose -d*s = -4*s - 2*m + 8, s + 1 = m. What is the units digit of (266/s)/((2 + 3)/10)?
6
What is the units digit of ((-24)/60)/(2/(-90490))?
8
What is the hundreds digit of (-1569440)/(-238) - (-1 - 9/(-7))?
5
Suppose 0 = 14*s - 10*s. Suppose s*h = -7*h. Suppose h = -n + 1, c + 2*c + 5*n = 17. What is the units digit of c?
4
What is the tens digit of (-31)/(1581/544)*-3?
3
Suppose 21*j - 16*j = -b + 33236, -4*b = 3*j - 132791. What is the hundreds digit of b?
1
Suppose 0 = -4*p + 2*i - 38, 0 = 3*p + i + i + 18. Let m be (-11)/(-3) + -3 - p/6. Suppose -5*o - 35 = 2*c - 149, -m*o - 66 = -c. What is the units digit of c?
2
Suppose 2408 = -5*b + 9*b. Suppose 403 = 15*q - b. Suppose -q = -g - 12. What is the tens digit of g?
5
Suppose -4*i + 1897 = 3*g - 8991, 0 = i - 4. What is the thousands digit of g?
3
Let b = -813 + 525. Let m = 564 + b. Suppose 0*u + 4*f = u - 128, -2*u - 2*f + m = 0. What is the hundreds digit of u?
1
Let o(s) = -11*s**2 + 10*s + 14. Let u(z) = -12*z**2 + 11*z + 14. Let n(x) = -5*o(x) + 4*u(x). Let j be n(-2). Let m = 20 + j. What is the units digit of m?
6
Suppose 29 = -6*s + 53. Suppose y - 2 = -s*c, 10 = -0*c - c + 5*y. Suppose -d - 3*d = -5*o - 555, c = -2*d - 4*o + 284. What is the hundreds digit of d?
1
Let z = -632 - -637. What is the hundreds digit of (3 - 2230/(-5)) + z?
4
Suppose 14 = -2*x, 0 = -4*i + x + 86260 + 31463. What is the tens digit of i?
2
Let c be (-3 - -10)*(-2)/(-2). Suppose c*p + 3 = 17. What is the units digit of 29/p*(-24 + 26)?
9
Let n(j) = -j**3 + 13*j**2 - 37*j + 9. Let x be n(9). Suppose -11*v + 14846 - 425 = x. What is the units digit of v?
1
Suppose -731715 - 222446 = -188*a + 1160839. What is the hundreds digit of a?
2
Let l = 4588 - 2954. What is the tens digit of l?
3
Let w be 3/((-99)/(-51) + (-3 - -1)). Let c = 30 + w. Let z = 19 - c. What is the tens digit of z?
4
What is the ten thousands digit of 9 - ((-7374731)/364 - 6/8)?
2
Let f be (82 - 0)*(2 + -6). Let h = f + 1267. What is the units digit of h/45 + 12/90?
1
Suppose 2*u - 39 + 11 = 0. Let g = u - 16. What is the tens digit of 4543/49 + g/(-7)?
9
Let w(a) = -a + 11. Let b be w(10). Let s be (-1 + 6)*1/b. Suppose 4*f - 32 = -s*d, 3*f + 10*d - 24 = 5*d. What is the units digit of f?
8
Let z(n) = -n**3 - 14*n**2 - 16*n - 36. Let j be z(-13). What is the units digit of (-107)/j*3*-17?
9
Let r(f) = -4*f**2 - 4*f. Let l(y) = -y**2 - y. Let b(w) = 26*l(w) - 6*r(w). Let a be b(3). Let m = a - -42. What is the tens digit of m?
1
Let p = 21415 - -679. What is the units digit of p?
4
What is the ten thousands digit of 14761 - (-5 - 1 - -5 - (-4)/1)?
1
Let t = -103 - 127. Let q(g) = g